*3 + 7*x**2 - 11*x - 7. Let k be 1 + (-2 - 0) + 25. Suppose 2*m = -3*a - k, a + 5*m - 8 = 2*a. What is the units digit of q(a)?
7
Suppose 4*m + 2*u - 1756 = 0, 4*m - 6*u = -3*u + 1746. What is the hundreds digit of m?
4
Let j(z) be the third derivative of z**6/120 - z**5/30 + z**4/8 + z**3/6 + 2*z**2. Suppose -18 = 3*p - 9*p. What is the units digit of j(p)?
9
Let g be -3 + 306/(-24) + 2/(-8). What is the units digit of (-697)/(-3) - (1 + g/24)?
2
Let i(t) be the third derivative of t**5/60 + 5*t**4/24 - 7*t**3/2 + 7*t**2. What is the tens digit of i(7)?
6
Let u(m) = -m + 17. Let w be u(5). What is the units digit of 3/(w/(-8)) + 31?
9
Let r(w) = -w**2 - 9*w - 8. Let n be r(-6). What is the units digit of (-165)/(-4) + n/(-40)?
1
What is the hundreds digit of ((0 - 6) + 0)/((-825)/370700)?
6
Let b be 0 + 0 + -22 + 19. Let c(j) = 14*j**2 + 7*j + 2. What is the units digit of c(b)?
7
Let l(o) = 153*o**2 - 1. Let b be ((-105)/(-25))/(-3) + (-4)/(-10). What is the tens digit of l(b)?
5
What is the tens digit of 242/(-7 - -8) - -6?
4
Let w(x) = -3*x**2 - 7*x. Let v be w(-3). Let c(f) = 6*f**2 + 15*f + 6. Let z be c(v). Suppose q - z = -5*q. What is the tens digit of q?
2
Let l(q) = 221*q**3 - 4*q**2 + 2*q + 2. What is the tens digit of l(1)?
2
Let y(x) = 15*x + 2. What is the units digit of y(2)?
2
Suppose 5*d - 8 = -23. Let m be (-3)/(d*2/6). Suppose -10 = 2*s - m*s. What is the tens digit of s?
1
Let y(x) = -x**2 - 4 - 68*x + x**3 + 0*x**3 - 3*x**2 + 54*x. What is the tens digit of y(7)?
4
What is the hundreds digit of -4 - (-8422)/9 - (-4)/18?
9
Let j = -65 + 93. Let n be -3 + (j + 0)/4. Suppose -32 = -2*l + 5*d, 2*d - 1 = -n*l + 63. What is the tens digit of l?
1
Let g be (-33)/(-9) + (-4)/(-3). Let t(f) = -2*f + 1. Let r be t(8). What is the units digit of 16 - g/r*-3?
5
Suppose 32*j + 707 - 9987 = 0. What is the tens digit of j?
9
Let f(n) = -2*n - 4*n**2 - 61*n**3 - 2 + 62*n**3 - 4*n. What is the units digit of f(6)?
4
Let i(l) = 2 - 6*l - 14 - 22*l. What is the tens digit of i(-4)?
0
Let u = 669 + -228. What is the tens digit of u?
4
Let d be (-8 + 9)*3/1. Let f = -3 - -8. Suppose -d*b = -f*b + 22. What is the tens digit of b?
1
Let o = -2 + 8. What is the units digit of ((-2)/4)/(o/(-384)*4)?
8
Let r = 45 - 43. Suppose 0*p + t = -r*p + 174, p - 87 = -4*t. What is the tens digit of p?
8
Let s(q) = 9*q - 2. Let d(y) = y + 2. Suppose 5*j = -0*j. Let u be d(j). What is the tens digit of s(u)?
1
Let i = 560 + -467. What is the units digit of i?
3
Suppose -25 = -5*v - 3*a + a, 0 = -v - 5*a + 28. Suppose -v*j + 375 = -0*j. What is the units digit of j?
5
Let q(l) = -l**3 + 3*l**2 - 33*l - 24. What is the units digit of q(-14)?
0
Suppose 1631*i - 17941 = 1624*i. What is the tens digit of i?
6
Let y be (-372)/(-15) - 2/(-10). Let x = 22 - y. What is the units digit of -2 + 10*x/(-2)?
3
Let r(w) = 5*w + 82. Let t(m) = 2*m + 27. Let b(u) = 4*r(u) - 11*t(u). What is the tens digit of b(-11)?
5
Suppose 4*z + 26 = 126. Let n = -22 + z. What is the tens digit of n*(-4)/(-24)*34?
1
Let k = 4 - -1. Suppose l - 2 = k*z - 0, -42 = -l - 3*z. Suppose 11 - l = -4*r. What is the units digit of r?
4
Suppose -6*f = -3*f - 1830. Suppose -1276 = -4*x - 4*h, -4*x + 5*h + f = -2*x. Suppose 0 = 8*d - 3*d - x. What is the units digit of d?
3
Let q(o) = o**3 - 19*o**2 + 74*o + 133. What is the thousands digit of q(22)?
3
Let w(t) = -9*t**3 - 11*t**2 - 6*t - 29. What is the thousands digit of w(-9)?
5
Let z(c) = -12*c - 1. Let v = 20 + -12. Suppose 2 = -5*u - v. What is the tens digit of z(u)?
2
Let g be 2/((-4)/6) - -13. What is the units digit of 1/(g/(-55) + (-185)/(-957))?
7
Let d = -29 - -4. Let q = 18 - d. What is the tens digit of q?
4
Suppose -32 = 5*h - 107. Suppose 4*c = -h - 1. Let m = 5 - c. What is the units digit of m?
9
Suppose -3*i + 2*d = 319, i + 4*d = -0*d - 111. Let t = i - -209. What is the units digit of t?
2
Let p be 2/(-4)*9*-6. Suppose 55 = q - 2*i, i = -q + p + 16. What is the units digit of q?
7
Suppose 4*j - 15 = -i + 5, 3*i = 0. Suppose 9*d - 152 = j*d. What is the units digit of d?
8
Let v be (-2)/(-9) + (-306)/(-81). Let d be (-5 + v)/(1/(-14)). Let z = d - 10. What is the units digit of z?
4
Let d(h) = h - 23. Suppose 0 = -5*z + g + 70, -z + 0*z - 5*g - 12 = 0. Let j be d(z). What is the tens digit of ((-8)/j)/((-1)/(-25))?
2
Let p(w) = w**3 - 7*w**2 - 10. What is the tens digit of p(9)?
5
Let g(h) be the second derivative of 7*h**3/2 - h**2 + h. What is the tens digit of g(3)?
6
Suppose 15*h = 27066 + 24309. What is the tens digit of h?
2
Let w(u) = -6*u**3 - 12*u**2 + 6*u + 2. What is the units digit of w(-5)?
2
Let l(u) = u**3 + 17*u**2 + 28*u + 14. What is the units digit of l(-8)?
6
Let v be ((-21)/14)/(9/(-60)). Suppose v = -5*g - 10. What is the units digit of (g - -12) + -4 - -35?
9
Let q(h) be the second derivative of -h**5/20 + h**4/2 - 2*h**3/3 - 7*h**2/2 - 3*h. Let y be q(5). What is the units digit of 17 + (-1 - y) + 0?
8
What is the units digit of (3*(-4)/(-18))/((-74)/(-31635))?
5
Let r(o) = -4*o**2 + 3*o - 1. Let z(b) = -5*b**2 + 3*b. Let d(j) = 6*r(j) - 5*z(j). Let h be d(-3). Let n(x) = 2*x**2 + 8*x - 4. What is the tens digit of n(h)?
2
Let p(k) = -29*k + 305. What is the tens digit of p(7)?
0
Let o(d) = d**2 - 3*d + 2. Let k be o(2). Let c(t) = 3*t - 5*t + k*t + 8. What is the tens digit of c(-6)?
2
Suppose 0 = -4*y + 4*m + 8, 5*m - 15 = -5*y + 35. Suppose -3*o = -y*a + a - 26, a + 2 = -o. What is the units digit of o?
2
Suppose -6*t + 4*x = -2*t + 40, 3*t - 5*x = -40. Let f(l) be the second derivative of -2*l**3 + 2*l**2 - 23*l. What is the tens digit of f(t)?
6
Let u(q) be the first derivative of 1/4*q**4 + 3*q + q**2 - 2 + 2*q**3. What is the units digit of u(-5)?
8
Let i be (-126 - -3)*(-64)/(-24). What is the tens digit of -4 - (i - 0)/4?
7
Let x = -116 + 60. Let g = x - -83. Suppose -5*z + g = -4*z. What is the units digit of z?
7
What is the thousands digit of (-90)/108*6*-211?
1
What is the thousands digit of (-8)/16 - (-33918)/12?
2
Suppose 4*y = -v + 20, -y - 5*v + 9 = -15. Suppose q = 5*b - 1235, -5*q + 477 = y*b - 482. What is the tens digit of b?
4
Let k(a) = 33*a - 95. What is the tens digit of k(6)?
0
Let q(z) = 3*z + 38. Suppose 3*w - 7*w - 5*d + 23 = 0, -4*d + 10 = 2*w. What is the units digit of q(w)?
9
What is the tens digit of 1906/4 - 21/(-42)?
7
What is the units digit of (2/(-6))/((-4)/4236)?
3
Let q(r) = -r**2 - 11*r - 6. Let z be q(-11). Let g be 10 + z + -2 + 0. Suppose -2*x - 2*s + 26 = 0, -5*s - 23 = -g*x - x. What is the tens digit of x?
1
Suppose -a = -4*l + 8247, 43*a = 2*l + 39*a - 4134. What is the tens digit of l?
6
Let h be (-1)/(-2) + (-56)/(-16). Let p(k) = 9*k**3 + 5 - 1 + h*k**3 - 2*k**2 - 3. What is the tens digit of p(1)?
1
Let k(d) = -d**3 - 5*d**2 + 29*d - 4. What is the hundreds digit of k(-12)?
6
Suppose 2*h + 7*w - 8*w - 481 = 0, -263 = -h + 5*w. What is the hundreds digit of h?
2
Suppose -5*y + 16 = 3*y. Suppose 0 = -y*h + 4*h - 410. What is the hundreds digit of h?
2
Let a(r) be the second derivative of 5*r**4/12 + 5*r**3/6 - r**2 + 5*r. Let l be a(-5). Let t = l + -53. What is the units digit of t?
5
Let y(m) = m**3 - 7*m**2 - m + 13. Let k be y(7). What is the units digit of (60/7)/(k/42)?
0
Suppose -3*r + 2 = -3*c - 1, r = -2*c + 10. What is the tens digit of (1 - 0/r) + 250?
5
Let h(b) = 21*b**3 + b. Let p be h(1). Suppose 2*f + f - 86 = -5*n, -25 = -f + 2*n. Let m = f - p. What is the units digit of m?
5
Suppose 4*f - 3*h - 6 - 15 = 0, -3*h + 33 = 2*f. Suppose -4*q + f*q = 160. What is the units digit of q?
2
Suppose 0 = -4*s + 776 + 452. What is the units digit of s?
7
Let n = 155 + 133. What is the hundreds digit of n?
2
Suppose 2*v = -97 + 1. Let q = -38 - v. What is the tens digit of q?
1
Suppose 55 = d + 2. Let s = -24 + d. What is the tens digit of s?
2
Let x(j) be the first derivative of j**3/3 - 5*j**2 + 13*j - 15. Let o be (-7 - -8)/(1/9). What is the units digit of x(o)?
4
Let h(z) = -5*z - 2. Let g be h(-1). Suppose 57 = 5*v - p - 127, -3*p = -g. What is the tens digit of v?
3
Let a(h) = h + 1. Let g(p) = 2*p**2 + 2*p - 4. Let i(l) = 4*a(l) + g(l). Let t be i(-5). What is the units digit of t/4 + 1*-1?
4
Let a(r) = -2*r**3 + r**2 + 2*r - 4. Let d be a(4